{"id":68,"date":"2011-06-19T10:44:49","date_gmt":"2011-06-19T10:44:49","guid":{"rendered":"http:\/\/www.ifa-tours.de\/lexikon\/?page_id=68"},"modified":"2025-06-06T17:03:13","modified_gmt":"2025-06-06T17:03:13","slug":"ifa-tour-nordafrika-2003","status":"publish","type":"page","link":"https:\/\/www.ifa-tours.de\/lexikon\/reisen-mit-dem-ifa\/ifa-tour-nordafrika-2003\/","title":{"rendered":"IFA Tour Nordafrika 2003"},"content":{"rendered":"<div class=\"pdfprnt-buttons pdfprnt-buttons-page pdfprnt-top-right\"><a href=\"https:\/\/www.ifa-tours.de\/lexikon\/wp-json\/wp\/v2\/pages\/68?print=pdf\" class=\"pdfprnt-button pdfprnt-button-pdf\" target=\"_blank\"><img decoding=\"async\" src=\"https:\/\/www.ifa-tours.de\/lexikon\/wp-content\/plugins\/pdf-print\/images\/pdf.png\" alt=\"image_pdf\" title=\"PDF anzeigen\" \/><\/a><a href=\"https:\/\/www.ifa-tours.de\/lexikon\/wp-json\/wp\/v2\/pages\/68?print=print\" class=\"pdfprnt-button pdfprnt-button-print\" target=\"_blank\"><img decoding=\"async\" src=\"https:\/\/www.ifa-tours.de\/lexikon\/wp-content\/plugins\/pdf-print\/images\/print.png\" alt=\"image_print\" title=\"Inhalt drucken\" \/><\/a><\/div>\n<p><div id=\"attachment_1863\" style=\"width: 635px\" class=\"wp-caption alignleft\"><a href=\"http:\/\/www.ifa-tours.de\/lexikon\/reisen-mit-dem-ifa\/ifa-tour-nordafrika-2003\/olympus-digital-camera-25\/\" rel=\"attachment wp-att-1863\"><img loading=\"lazy\" decoding=\"async\" aria-describedby=\"caption-attachment-1863\" class=\"size-large wp-image-1863\" src=\"http:\/\/www.ifa-tours.de\/lexikon\/wp-content\/uploads\/2011\/06\/P2170035-1024x768.jpg\" alt=\"IFA W50 unterwegs in Algerien und der Sahara \" width=\"625\" height=\"469\" srcset=\"https:\/\/www.ifa-tours.de\/lexikon\/wp-content\/uploads\/2011\/06\/P2170035-1024x768.jpg 1024w, https:\/\/www.ifa-tours.de\/lexikon\/wp-content\/uploads\/2011\/06\/P2170035-300x225.jpg 300w, https:\/\/www.ifa-tours.de\/lexikon\/wp-content\/uploads\/2011\/06\/P2170035-768x576.jpg 768w, https:\/\/www.ifa-tours.de\/lexikon\/wp-content\/uploads\/2011\/06\/P2170035-624x468.jpg 624w, https:\/\/www.ifa-tours.de\/lexikon\/wp-content\/uploads\/2011\/06\/P2170035.jpg 1600w\" sizes=\"auto, (max-width: 625px) 100vw, 625px\" \/><\/a><p id=\"caption-attachment-1863\" class=\"wp-caption-text\">IFA W50 unterwegs in Algerien und der Sahara<\/p><\/div><\/p>\n<p style=\"text-align: justify;\"><strong>Saharatour 2003<\/strong><\/p>\n<p style=\"text-align: justify;\">Allah hat aus der W\u00fcste alles \u00dcberfl\u00fcssige entfernt, damit die Menschen das wahre Wesen der Dinge zu erkennen verm\u00f6gen.<\/p>\n<p style=\"text-align: justify;\">Renato Pietsch und Klaus-Dieter Harnisch haben die Sahara mit einem alten NVA-LKW W50 bezwungen. Tausende Kilometern nur Sand, Ger\u00f6ll, D\u00fcrre und Stille. Sie reisten Anfang Februar nach Algerien, um mit einem W-50-Werkstattwagen der ehemaligen NVA die bekannte Gr\u00e4berpiste zu bezwingen, die sich vom Rande des Erg Issaouane bis Bordj Omar Driss entlangschl\u00e4ngelt. Wie der Name ahnen l\u00e4sst, ist die ca. 600 Kilometer lange Strecke von zahlreichen Gr\u00e4bern gepflastert. Hier wurden einst Schlachten zwischen Franzosen und Tuaregs geschlagen.<\/p>\n<p style=\"text-align: justify;\">Ein Jahr lang haben Renato und Klaus ihr sechsw\u00f6chiges Sahara-Abenteuer geplant &#8211; akribisch. Algerien ist kein typisches Reiseland f\u00fcr Pauschaltouristen. Rebellen, Banden, Schmuggler, Milit\u00e4r, Terror, das Land war schon oft Schauplatz blutiger Auseinandersetzungen zwischen extremistischen Moslems und der Staatsmacht. Gefahr und Gewalt lauern \u00fcberall.<\/p>\n<p style=\"text-align: justify;\">\u00dcber Algerien gibt es keine genaue Karten, so behalfen man sich mit Karten aus dem Internet von der NASA und dem russischen Milit\u00e4r, scannten diese ein und kalibrierte sie im Computer, so das man ein sehr genaues 3 dimensionales Kartensystem von der zu befahren Strecke hatte. Der W 50 wurde einem GPS \u2013 Notebook\/Navigationsger\u00e4t ausgestattet. Doch selbst darauf war kein Verlass, An einem der Tage haben wir nur 20 der geplanten 70 Kilometer zur\u00fccklegen k\u00f6nnen, weil der Satellit dem Global Positioning System (GPS) falsche Daten lieferte, zum Gl\u00fcck hatte Renato Pietsch mit der Orientierung im Gel\u00e4nde kein Problem, so das auch dieses Problem gemeistert werden konnte.<\/p>\n<p style=\"text-align: justify;\">Es ging von Deutschland aus, \u00fcber \u00d6sterreich, die Schweiz nach Italien. In \u00d6sterreich fror bei minus 15\u00b0 C ein Filter der Wasserversorgung ein, so das erst einmal keine Wasserversorgung mehr vorhanden war. Das erstes Etappenziel war Italien, hier gab es bereits den ersten gr\u00f6\u00dferen Defekt, die Handbremse versagte. Im Hafengel\u00e4nde von Genua\/Italien wurde dieser Schaden behoben, man flexte aus einem alten Verkehrsschild eine H\u00fclse und versahen diese mit diversen Bohrungen und \u00d6ffnungen, so das wir daraus wieder eine funktionierende Handbremse hergestellt werden konnte. Von Genua aus setzte man nach Tunis\/Tunesien \u00fcber, bevor sie schlie\u00dflich Algerien und die Sahara ansteuern konnten.<\/p>\n<p style=\"text-align: justify;\">Schon bei der Einreise hatten man eine Menge Zeit verloren, weil die Grenzstation nicht besetzt war. Dort feierte man gerade drei Tage Aid el-Kebir, eine Art Opferfest. Einen Tag hatte man an der Grenzstation verharren m\u00fcssen, bis ihnen der Araber Ammar zu Hilfe kam. Er sagte im Dorf Bescheid, und wenig sp\u00e4ter kamen die Beamten, um den Schlagbaum zu \u00f6ffnen. Die Freundlichkeit und Hilfsbereitschaft in diesen L\u00e4ndern ist beeindruckend selbst die wenige Habe wird mit Fremden geteilt. Bei jeder Gelegenheit wurden mitgebrachte Prospekte der Stadt Worbis und kleine Geschenke an die Leute verteilt. Besonders beliebt waren auch die Getr\u00e4nke der Brauerei Neunspringe, die die Einheimische zu Begeisterungsst\u00fcrmen hinriss.<\/p>\n<p style=\"text-align: justify;\">Weicher W\u00fcstensand, Sandst\u00fcrme, Ger\u00f6ll, nachts Temperaturen unter null Grad Celsius, am Tage brennende Hitze mit bis zu 50 Grad. Eine Saharadurchquerung dieser Art bedeutet eine Tortur f\u00fcr Mensch und Maschine manchmal haben wir uns gefragt, weshalb wir die Strapazen \u00fcberhaupt auf uns nehmen. T\u00e4glich blieb der fast zehn Tonnen schwere IFA stecken und musste m\u00fchsam wieder freigeschaufelt werden, aber dennoch, der W 50 hat sich wacker geschlagen, es war den beiden ein Anliegen zu beweisen, dass man einem DDR-LKW mehr zumuten kann als so manchem heutigen Gel\u00e4ndewagen oder Lkw. Wasserdurchfahrten mit bis zu 1,50 Meter Wassertiefe, D\u00fcnen\u00fcberquerung mit bis zu 100 Metern H\u00f6henunterschied, enge Gebirgsp\u00e4sse bis zu 2000 Meter \u00fcber NN, all das hat der W50 \u00fcberstanden ohne Probleme. Bei modernen Fahrzeug kann man meist ohne Experten nichts ausrichten, beim IFA l\u00e4sst sich improvisieren. Wir standen zwar oft durch den hohen Schwerpunkt des LKW in gewaltiger Schr\u00e4glage, aber umgekippt ist unser Gef\u00e4hrt nie.&#8220; Ein gro\u00dfer Vorteil ist auch die Reifenregeldruckanlage des LKW`s, die sorgte f\u00fcr besten Grip im weichen Sand.<\/p>\n<p style=\"text-align: justify;\">Ca. 500 Kilogramm Ersatzteile (Kardanwellen, Einspritzpumpen, Zylinderk\u00f6pfe usw.) hatten man an Board, aber repariert werden mussten letztlich nur die Handbremse, der Blinkgeber, der gebrochene Fahrersitz und die kaputte Halterung des eigens eingebauten Wassertanks. Das robuste Fahrzeug war auch bei anderen Reisenden als eine Art Service-Wagen sehr gefragt. Vor allem bei Schweizer Motorradfahrern, die sich bei allen m\u00f6glichen Pannen an die beiden wandten.<\/p>\n<p style=\"text-align: justify;\">Wie abenteuerlich die lange Reise letztlich werden w\u00fcrde, konnte man vorab nicht einkalkulieren. Es wird um 18 Uhr schlagartig dunkel, dann haben wir uns sofort einen Unterschlupf f\u00fcr den Lkw gesucht, denn das Milit\u00e4r zieht dort seine Kreise und schie\u00dft im Dunkeln auf alles, was sich bewegt, da im Dunkeln nur Schmuggler und Banditen herumfahren. Nicht selten verschwinden auch Touristen einfach. Derzeit werden noch immer 31 Europ\u00e4er gesucht, die die Gr\u00e4berpiste erkunden wollten.<\/p>\n<p style=\"text-align: justify;\">Oft genug glaubte man das die Reise ein j\u00e4hes Ende fand, da man sich teilweise so fest fuhr, das ein Weiterkommen unm\u00f6glich erschien, besonders hart traf es uns beim Befahren eines Uferabschnittes, wo der LKW im weichen Schlamm 1 Meter tief einsank und die R\u00e4der keinen Halt mehr fanden. Der LKW sackte st\u00e4ndig tiefer ein, so das wir alle H\u00e4nde und Schaufeln voll zu tun hatten den LKW zu stabilisieren und zu bergen, nach 6 Stunden war es dann endlich wieder geschafft und der LKW hatte wieder festen Boden unter den R\u00e4dern.<\/p>\n<p style=\"text-align: justify;\">Abenteuerlich war die W\u00fcsten-Tour f\u00fcr die beiden nicht zuletzt auf geschmacklicher Ebene. Doch sie wollten schlie\u00dflich keinen Pauschalurlaub, sondern Land und Leute kennen lernen. Bei den wenigen Nomaden, die heute noch durch die W\u00fcste ziehen, wurden die Eichsfelder an den improvisierten Tisch gebeten. Aufgetafelt wurde Fleisch von Kamelen, Ziegen oder Schafen. Wie wir uns auf ein St\u00fcck Schweinefleisch gefreut haben, ist unbeschreiblich&#8220;, erz\u00e4hlen die beiden. Zusammen mit Tuaregs buck man Brot im Sand auf die traditionelle arabische Weise.<\/p>\n<p style=\"text-align: justify;\">50 Kilogramm feinsten Saharasand hat Renato Pietsch seiner zweij\u00e4hrigen Tochter Ann aus der W\u00fcste mitgebracht und f\u00fcr seine Frau Silke eine Trommel aus Ziegenhaut. Im Gep\u00e4ck hatte er auch eine gewisse Zufriedenheit. &#8222;Die Menschen dort leben in gr\u00f6\u00dfter Armut. Trotzdem sind sie fr\u00f6hlich und gl\u00fccklich mit dem, was sie haben. Hier in Deutschland z\u00e4hlen nur noch materielle Werte. Das bringt einen schon zum Nachdenken.&#8220;<\/p>\n<p><div id=\"attachment_1853\" style=\"width: 635px\" class=\"wp-caption alignleft\"><a href=\"http:\/\/www.ifa-tours.de\/lexikon\/reisen-mit-dem-ifa\/ifa-tour-nordafrika-2003\/olympus-digital-camera-15\/\" rel=\"attachment wp-att-1853\"><img loading=\"lazy\" decoding=\"async\" aria-describedby=\"caption-attachment-1853\" class=\"size-large wp-image-1853\" src=\"http:\/\/www.ifa-tours.de\/lexikon\/wp-content\/uploads\/2011\/06\/P2170039-1024x768.jpg\" alt=\"IFA W50 unterwegs in Algerien und der Sahara\" width=\"625\" height=\"469\" srcset=\"https:\/\/www.ifa-tours.de\/lexikon\/wp-content\/uploads\/2011\/06\/P2170039-1024x768.jpg 1024w, https:\/\/www.ifa-tours.de\/lexikon\/wp-content\/uploads\/2011\/06\/P2170039-300x225.jpg 300w, https:\/\/www.ifa-tours.de\/lexikon\/wp-content\/uploads\/2011\/06\/P2170039-768x576.jpg 768w, https:\/\/www.ifa-tours.de\/lexikon\/wp-content\/uploads\/2011\/06\/P2170039-624x468.jpg 624w, https:\/\/www.ifa-tours.de\/lexikon\/wp-content\/uploads\/2011\/06\/P2170039.jpg 1600w\" sizes=\"auto, (max-width: 625px) 100vw, 625px\" \/><\/a><p id=\"caption-attachment-1853\" class=\"wp-caption-text\">IFA W50 unterwegs in Algerien und der Sahara<\/p><\/div><\/p>\n<p><div id=\"attachment_1854\" style=\"width: 635px\" class=\"wp-caption alignleft\"><a href=\"http:\/\/www.ifa-tours.de\/lexikon\/reisen-mit-dem-ifa\/ifa-tour-nordafrika-2003\/olympus-digital-camera-16\/\" rel=\"attachment wp-att-1854\"><img loading=\"lazy\" decoding=\"async\" aria-describedby=\"caption-attachment-1854\" class=\"size-large wp-image-1854\" src=\"http:\/\/www.ifa-tours.de\/lexikon\/wp-content\/uploads\/2011\/06\/P2150029-1024x768.jpg\" alt=\"IFA W50 unterwegs in Algerien und der Sahara\" width=\"625\" height=\"469\" srcset=\"https:\/\/www.ifa-tours.de\/lexikon\/wp-content\/uploads\/2011\/06\/P2150029-1024x768.jpg 1024w, https:\/\/www.ifa-tours.de\/lexikon\/wp-content\/uploads\/2011\/06\/P2150029-300x225.jpg 300w, https:\/\/www.ifa-tours.de\/lexikon\/wp-content\/uploads\/2011\/06\/P2150029-768x576.jpg 768w, https:\/\/www.ifa-tours.de\/lexikon\/wp-content\/uploads\/2011\/06\/P2150029-624x468.jpg 624w, https:\/\/www.ifa-tours.de\/lexikon\/wp-content\/uploads\/2011\/06\/P2150029.jpg 1600w\" sizes=\"auto, (max-width: 625px) 100vw, 625px\" \/><\/a><p id=\"caption-attachment-1854\" class=\"wp-caption-text\">IFA W50 unterwegs in Algerien und der Sahara<\/p><\/div><\/p>\n<p><div id=\"attachment_1855\" style=\"width: 635px\" class=\"wp-caption alignleft\"><a href=\"http:\/\/www.ifa-tours.de\/lexikon\/reisen-mit-dem-ifa\/ifa-tour-nordafrika-2003\/olympus-digital-camera-17\/\" rel=\"attachment wp-att-1855\"><img loading=\"lazy\" decoding=\"async\" aria-describedby=\"caption-attachment-1855\" class=\"size-large wp-image-1855\" src=\"http:\/\/www.ifa-tours.de\/lexikon\/wp-content\/uploads\/2011\/06\/P2160014-1024x768.jpg\" alt=\"IFA W50 unterwegs in Algerien und der Sahara\" width=\"625\" height=\"469\" srcset=\"https:\/\/www.ifa-tours.de\/lexikon\/wp-content\/uploads\/2011\/06\/P2160014-1024x768.jpg 1024w, https:\/\/www.ifa-tours.de\/lexikon\/wp-content\/uploads\/2011\/06\/P2160014-300x225.jpg 300w, https:\/\/www.ifa-tours.de\/lexikon\/wp-content\/uploads\/2011\/06\/P2160014-768x576.jpg 768w, https:\/\/www.ifa-tours.de\/lexikon\/wp-content\/uploads\/2011\/06\/P2160014-624x468.jpg 624w, https:\/\/www.ifa-tours.de\/lexikon\/wp-content\/uploads\/2011\/06\/P2160014.jpg 1600w\" sizes=\"auto, (max-width: 625px) 100vw, 625px\" \/><\/a><p id=\"caption-attachment-1855\" class=\"wp-caption-text\">IFA W50 unterwegs in Algerien und der Sahara<\/p><\/div><\/p>\n<p><div id=\"attachment_1856\" style=\"width: 635px\" class=\"wp-caption alignleft\"><a href=\"http:\/\/www.ifa-tours.de\/lexikon\/reisen-mit-dem-ifa\/ifa-tour-nordafrika-2003\/olympus-digital-camera-18\/\" rel=\"attachment wp-att-1856\"><img loading=\"lazy\" decoding=\"async\" aria-describedby=\"caption-attachment-1856\" class=\"size-large wp-image-1856\" src=\"http:\/\/www.ifa-tours.de\/lexikon\/wp-content\/uploads\/2011\/06\/P2160023-1024x768.jpg\" alt=\"IFA W50 unterwegs in Algerien und der Sahara\" width=\"625\" height=\"469\" srcset=\"https:\/\/www.ifa-tours.de\/lexikon\/wp-content\/uploads\/2011\/06\/P2160023-1024x768.jpg 1024w, https:\/\/www.ifa-tours.de\/lexikon\/wp-content\/uploads\/2011\/06\/P2160023-300x225.jpg 300w, https:\/\/www.ifa-tours.de\/lexikon\/wp-content\/uploads\/2011\/06\/P2160023-768x576.jpg 768w, https:\/\/www.ifa-tours.de\/lexikon\/wp-content\/uploads\/2011\/06\/P2160023-624x468.jpg 624w, https:\/\/www.ifa-tours.de\/lexikon\/wp-content\/uploads\/2011\/06\/P2160023.jpg 1600w\" sizes=\"auto, (max-width: 625px) 100vw, 625px\" \/><\/a><p id=\"caption-attachment-1856\" class=\"wp-caption-text\">IFA W50 unterwegs in Algerien und der Sahara<\/p><\/div><\/p>\n<p><div id=\"attachment_1859\" style=\"width: 635px\" class=\"wp-caption alignleft\"><a href=\"http:\/\/www.ifa-tours.de\/lexikon\/reisen-mit-dem-ifa\/ifa-tour-nordafrika-2003\/olympus-digital-camera-21\/\" rel=\"attachment wp-att-1859\"><img loading=\"lazy\" decoding=\"async\" aria-describedby=\"caption-attachment-1859\" class=\"size-large wp-image-1859\" src=\"http:\/\/www.ifa-tours.de\/lexikon\/wp-content\/uploads\/2011\/06\/P2160027-1024x768.jpg\" alt=\"IFA W50 unterwegs in Algerien und der Sahara\" width=\"625\" height=\"469\" srcset=\"https:\/\/www.ifa-tours.de\/lexikon\/wp-content\/uploads\/2011\/06\/P2160027-1024x768.jpg 1024w, https:\/\/www.ifa-tours.de\/lexikon\/wp-content\/uploads\/2011\/06\/P2160027-300x225.jpg 300w, https:\/\/www.ifa-tours.de\/lexikon\/wp-content\/uploads\/2011\/06\/P2160027-768x576.jpg 768w, https:\/\/www.ifa-tours.de\/lexikon\/wp-content\/uploads\/2011\/06\/P2160027-624x468.jpg 624w, https:\/\/www.ifa-tours.de\/lexikon\/wp-content\/uploads\/2011\/06\/P2160027.jpg 1600w\" sizes=\"auto, (max-width: 625px) 100vw, 625px\" \/><\/a><p id=\"caption-attachment-1859\" class=\"wp-caption-text\">IFA W50 unterwegs in Algerien und der Sahara<\/p><\/div><\/p>\n<p><div id=\"attachment_1867\" style=\"width: 635px\" class=\"wp-caption alignleft\"><a href=\"http:\/\/www.ifa-tours.de\/lexikon\/reisen-mit-dem-ifa\/ifa-tour-nordafrika-2003\/olympus-digital-camera-28\/\" rel=\"attachment wp-att-1867\"><img loading=\"lazy\" decoding=\"async\" aria-describedby=\"caption-attachment-1867\" class=\"size-large wp-image-1867\" src=\"http:\/\/www.ifa-tours.de\/lexikon\/wp-content\/uploads\/2011\/06\/P2060002-1024x768.jpg\" alt=\"IFA W50 unterwegs in den Alpen\" width=\"625\" height=\"469\" srcset=\"https:\/\/www.ifa-tours.de\/lexikon\/wp-content\/uploads\/2011\/06\/P2060002-1024x768.jpg 1024w, https:\/\/www.ifa-tours.de\/lexikon\/wp-content\/uploads\/2011\/06\/P2060002-300x225.jpg 300w, https:\/\/www.ifa-tours.de\/lexikon\/wp-content\/uploads\/2011\/06\/P2060002-768x576.jpg 768w, https:\/\/www.ifa-tours.de\/lexikon\/wp-content\/uploads\/2011\/06\/P2060002-624x468.jpg 624w, https:\/\/www.ifa-tours.de\/lexikon\/wp-content\/uploads\/2011\/06\/P2060002.jpg 1600w\" sizes=\"auto, (max-width: 625px) 100vw, 625px\" \/><\/a><p id=\"caption-attachment-1867\" class=\"wp-caption-text\">IFA W50 unterwegs in den Alpen<\/p><\/div><\/p>\n<p><div id=\"attachment_1869\" style=\"width: 635px\" class=\"wp-caption alignleft\"><a href=\"http:\/\/www.ifa-tours.de\/lexikon\/reisen-mit-dem-ifa\/ifa-tour-nordafrika-2003\/olympus-digital-camera-30\/\" rel=\"attachment wp-att-1869\"><img loading=\"lazy\" decoding=\"async\" aria-describedby=\"caption-attachment-1869\" class=\"size-large wp-image-1869\" src=\"http:\/\/www.ifa-tours.de\/lexikon\/wp-content\/uploads\/2011\/06\/P2060006-1024x768.jpg\" alt=\"IFA W50 unterwegs in den Alpen\" width=\"625\" height=\"469\" srcset=\"https:\/\/www.ifa-tours.de\/lexikon\/wp-content\/uploads\/2011\/06\/P2060006-1024x768.jpg 1024w, https:\/\/www.ifa-tours.de\/lexikon\/wp-content\/uploads\/2011\/06\/P2060006-300x225.jpg 300w, https:\/\/www.ifa-tours.de\/lexikon\/wp-content\/uploads\/2011\/06\/P2060006-768x576.jpg 768w, https:\/\/www.ifa-tours.de\/lexikon\/wp-content\/uploads\/2011\/06\/P2060006-624x468.jpg 624w, https:\/\/www.ifa-tours.de\/lexikon\/wp-content\/uploads\/2011\/06\/P2060006.jpg 1600w\" sizes=\"auto, (max-width: 625px) 100vw, 625px\" \/><\/a><p id=\"caption-attachment-1869\" class=\"wp-caption-text\">IFA W50 unterwegs in den Alpen<\/p><\/div><\/p>\n<p><div id=\"attachment_1870\" style=\"width: 635px\" class=\"wp-caption alignleft\"><a href=\"http:\/\/www.ifa-tours.de\/lexikon\/reisen-mit-dem-ifa\/ifa-tour-nordafrika-2003\/olympus-digital-camera-31\/\" rel=\"attachment wp-att-1870\"><img loading=\"lazy\" decoding=\"async\" aria-describedby=\"caption-attachment-1870\" class=\"size-large wp-image-1870\" src=\"http:\/\/www.ifa-tours.de\/lexikon\/wp-content\/uploads\/2011\/06\/P2060014-1024x768.jpg\" alt=\"IFA W50 unterwegs in den Alpen\" width=\"625\" height=\"469\" srcset=\"https:\/\/www.ifa-tours.de\/lexikon\/wp-content\/uploads\/2011\/06\/P2060014-1024x768.jpg 1024w, https:\/\/www.ifa-tours.de\/lexikon\/wp-content\/uploads\/2011\/06\/P2060014-300x225.jpg 300w, https:\/\/www.ifa-tours.de\/lexikon\/wp-content\/uploads\/2011\/06\/P2060014-768x576.jpg 768w, https:\/\/www.ifa-tours.de\/lexikon\/wp-content\/uploads\/2011\/06\/P2060014-624x468.jpg 624w, https:\/\/www.ifa-tours.de\/lexikon\/wp-content\/uploads\/2011\/06\/P2060014.jpg 1600w\" sizes=\"auto, (max-width: 625px) 100vw, 625px\" \/><\/a><p id=\"caption-attachment-1870\" class=\"wp-caption-text\">IFA W50 unterwegs in den Alpen<\/p><\/div><\/p>\n<p><a href=\"http:\/\/www.ifa-tours.de\/lexikon\/reisen-mit-dem-ifa\/ifa-tour-nordafrika-2003\/olympus-digital-camera-55\/\" rel=\"attachment wp-att-1894\"><img loading=\"lazy\" decoding=\"async\" class=\"size-large wp-image-1894\" src=\"http:\/\/www.ifa-tours.de\/lexikon\/wp-content\/uploads\/2011\/06\/P2100029-1024x768.jpg\" alt=\"OLYMPUS DIGITAL CAMERA\" width=\"625\" height=\"469\" srcset=\"https:\/\/www.ifa-tours.de\/lexikon\/wp-content\/uploads\/2011\/06\/P2100029-1024x768.jpg 1024w, https:\/\/www.ifa-tours.de\/lexikon\/wp-content\/uploads\/2011\/06\/P2100029-300x225.jpg 300w, https:\/\/www.ifa-tours.de\/lexikon\/wp-content\/uploads\/2011\/06\/P2100029-768x576.jpg 768w, https:\/\/www.ifa-tours.de\/lexikon\/wp-content\/uploads\/2011\/06\/P2100029-624x468.jpg 624w, https:\/\/www.ifa-tours.de\/lexikon\/wp-content\/uploads\/2011\/06\/P2100029.jpg 1600w\" sizes=\"auto, (max-width: 625px) 100vw, 625px\" \/><\/a><\/p>\n<p><a href=\"http:\/\/www.ifa-tours.de\/lexikon\/reisen-mit-dem-ifa\/ifa-tour-nordafrika-2003\/olympus-digital-camera-58\/\" rel=\"attachment wp-att-1897\"><img loading=\"lazy\" decoding=\"async\" class=\"size-large wp-image-1897\" src=\"http:\/\/www.ifa-tours.de\/lexikon\/wp-content\/uploads\/2011\/06\/P2110007-1024x768.jpg\" alt=\"OLYMPUS DIGITAL CAMERA\" width=\"625\" height=\"469\" srcset=\"https:\/\/www.ifa-tours.de\/lexikon\/wp-content\/uploads\/2011\/06\/P2110007-1024x768.jpg 1024w, https:\/\/www.ifa-tours.de\/lexikon\/wp-content\/uploads\/2011\/06\/P2110007-300x225.jpg 300w, https:\/\/www.ifa-tours.de\/lexikon\/wp-content\/uploads\/2011\/06\/P2110007-768x576.jpg 768w, https:\/\/www.ifa-tours.de\/lexikon\/wp-content\/uploads\/2011\/06\/P2110007-624x468.jpg 624w, https:\/\/www.ifa-tours.de\/lexikon\/wp-content\/uploads\/2011\/06\/P2110007.jpg 1600w\" sizes=\"auto, (max-width: 625px) 100vw, 625px\" \/><\/a><\/p>\n<p><div id=\"attachment_1900\" style=\"width: 635px\" class=\"wp-caption alignleft\"><a href=\"http:\/\/www.ifa-tours.de\/lexikon\/reisen-mit-dem-ifa\/ifa-tour-nordafrika-2003\/olympus-digital-camera-61\/\" rel=\"attachment wp-att-1900\"><img loading=\"lazy\" decoding=\"async\" aria-describedby=\"caption-attachment-1900\" class=\"size-large wp-image-1900\" src=\"http:\/\/www.ifa-tours.de\/lexikon\/wp-content\/uploads\/2011\/06\/P2110046-1024x768.jpg\" alt=\"OLYMPUS DIGITAL CAMERA\" width=\"625\" height=\"469\" srcset=\"https:\/\/www.ifa-tours.de\/lexikon\/wp-content\/uploads\/2011\/06\/P2110046-1024x768.jpg 1024w, https:\/\/www.ifa-tours.de\/lexikon\/wp-content\/uploads\/2011\/06\/P2110046-300x225.jpg 300w, https:\/\/www.ifa-tours.de\/lexikon\/wp-content\/uploads\/2011\/06\/P2110046-768x576.jpg 768w, https:\/\/www.ifa-tours.de\/lexikon\/wp-content\/uploads\/2011\/06\/P2110046-624x468.jpg 624w, https:\/\/www.ifa-tours.de\/lexikon\/wp-content\/uploads\/2011\/06\/P2110046.jpg 1600w\" sizes=\"auto, (max-width: 625px) 100vw, 625px\" \/><\/a><p id=\"caption-attachment-1900\" class=\"wp-caption-text\">#IFA #W50 #LKW #IFA-Tours #KOFFER #Werkstatt #weltweit #Einsatz #Expedition #LAK #Ostfahrzeuge #VEB #Afrika #Asien #Ostalgie #World #DDR #Truck #LA #4&#215;4 #Made #Amerika #GDR #Ludwigsfelde #Werdau #Kult #Werdau #Werkstatt #Safari #Nordhausen #East #Allrad #4 x 4 # Offroad # Reise #Oldtimer #Ost #Germantrucks #Modell #L60 #Treffen #Forum #Gemeinschaft #3D #Games #Simulator<\/p><\/div><\/p>\n<p><iframe loading=\"lazy\" src=\"\/\/www.youtube.com\/embed\/Bo8oE4dtw_4?feature=shared\" width=\"560\" height=\"314\" allowfullscreen=\"allowfullscreen\"><\/iframe><\/p>\n<p><audio class=\"wp-audio-shortcode\" id=\"audio-68-1\" preload=\"none\" style=\"width: 100%;\" controls=\"controls\"><source type=\"audio\/mpeg\" src=\"https:\/\/www.ifa-tours.de\/lexikon\/wp-content\/uploads\/2025\/06\/Der-Wuestentraum-mit-dem-W50.mp3?_=1\" \/><a href=\"https:\/\/www.ifa-tours.de\/lexikon\/wp-content\/uploads\/2025\/06\/Der-Wuestentraum-mit-dem-W50.mp3\">https:\/\/www.ifa-tours.de\/lexikon\/wp-content\/uploads\/2025\/06\/Der-Wuestentraum-mit-dem-W50.mp3<\/a><\/audio><\/p>\n<p style=\"text-align: justify;\">\n","protected":false},"excerpt":{"rendered":"<p>Saharatour 2003 Allah hat aus der W\u00fcste alles \u00dcberfl\u00fcssige entfernt, damit die Menschen das wahre Wesen der Dinge zu erkennen verm\u00f6gen. Renato Pietsch und Klaus-Dieter Harnisch haben die Sahara mit einem alten NVA-LKW W50 bezwungen. Tausende Kilometern nur Sand, Ger\u00f6ll, D\u00fcrre und Stille. Sie reisten Anfang Februar nach Algerien, um mit einem W-50-Werkstattwagen der ehemaligen [&hellip;]<\/p>\n","protected":false},"author":1,"featured_media":0,"parent":190,"menu_order":2,"comment_status":"closed","ping_status":"open","template":"","meta":{"_ml_titleColor":"#000000","_ml_titleFont":"Roboto","_ml_titleFontSize":1.1359999999999998987476601541857235133647918701171875,"_ml_titleFontWeight":"400","_ml_titleLineHeight":1.3000000000000000444089209850062616169452667236328125,"_ml_metaColor":"#708090","_ml_metaFont":"Montserrat","_ml_metaFontSize":0.67849999999999999200639422269887290894985198974609375,"_ml_metaFontWeight":"400","_ml_metaLineHeight":0.92000000000000003996802888650563545525074005126953125,"_ml_bodyColor":"#a9a9a9","_ml_bodyFont":"Open Sans","_ml_bodyFontSize":0.84999999999999997779553950749686919152736663818359375,"_ml_bodyFontWeight":"400","_ml_bodyLineHeight":1.1999999999999999555910790149937383830547332763671875,"_ml_wooPriceColor":"#666","_ml_wooPriceFont":"Open Sans","_ml_wooPriceFontSize":0.90000000000000002220446049250313080847263336181640625,"_ml_wooPriceFontWeight":"400","_ml_wooPriceLineHeight":1.270000000000000017763568394002504646778106689453125,"_ml_headingColor":"#000","_ml_headingFont":"Merriweather","_ml_headingFontSize":2.020000000000000017763568394002504646778106689453125,"_ml_headingFontWeight":"700","_ml_headingLineHeight":1.4699999999999999733546474089962430298328399658203125,"_mlglobal_userfontcolors":{"headingColorUser":[],"titleColorUser":[],"metaColorUser":[],"bodyColorUser":[],"wooPriceColorUser":[]},"footnotes":""},"class_list":["post-68","page","type-page","status-publish","hentry"],"_links":{"self":[{"href":"https:\/\/www.ifa-tours.de\/lexikon\/wp-json\/wp\/v2\/pages\/68","targetHints":{"allow":["GET"]}}],"collection":[{"href":"https:\/\/www.ifa-tours.de\/lexikon\/wp-json\/wp\/v2\/pages"}],"about":[{"href":"https:\/\/www.ifa-tours.de\/lexikon\/wp-json\/wp\/v2\/types\/page"}],"author":[{"embeddable":true,"href":"https:\/\/www.ifa-tours.de\/lexikon\/wp-json\/wp\/v2\/users\/1"}],"replies":[{"embeddable":true,"href":"https:\/\/www.ifa-tours.de\/lexikon\/wp-json\/wp\/v2\/comments?post=68"}],"version-history":[{"count":14,"href":"https:\/\/www.ifa-tours.de\/lexikon\/wp-json\/wp\/v2\/pages\/68\/revisions"}],"predecessor-version":[{"id":2885,"href":"https:\/\/www.ifa-tours.de\/lexikon\/wp-json\/wp\/v2\/pages\/68\/revisions\/2885"}],"up":[{"embeddable":true,"href":"https:\/\/www.ifa-tours.de\/lexikon\/wp-json\/wp\/v2\/pages\/190"}],"wp:attachment":[{"href":"https:\/\/www.ifa-tours.de\/lexikon\/wp-json\/wp\/v2\/media?parent=68"}],"curies":[{"name":"wp","href":"https:\/\/api.w.org\/{rel}","templated":true}]}}