{"id":2806,"date":"2025-05-23T21:13:26","date_gmt":"2025-05-23T21:13:26","guid":{"rendered":"https:\/\/www.ifa-tours.de\/lexikon\/?page_id=2806"},"modified":"2025-05-23T21:25:54","modified_gmt":"2025-05-23T21:25:54","slug":"ifa-lkw-w50-songs","status":"publish","type":"page","link":"https:\/\/www.ifa-tours.de\/lexikon\/ifa-lkw-w50-songs\/","title":{"rendered":"IFA LKW W50 &#8211; Songs"},"content":{"rendered":"<div class=\"pdfprnt-buttons pdfprnt-buttons-page pdfprnt-top-right\"><a href=\"https:\/\/www.ifa-tours.de\/lexikon\/wp-json\/wp\/v2\/pages\/2806?print=pdf\" class=\"pdfprnt-button pdfprnt-button-pdf\" target=\"_blank\"><img decoding=\"async\" src=\"https:\/\/www.ifa-tours.de\/lexikon\/wp-content\/plugins\/pdf-print\/images\/pdf.png\" alt=\"image_pdf\" title=\"PDF anzeigen\" \/><\/a><a href=\"https:\/\/www.ifa-tours.de\/lexikon\/wp-json\/wp\/v2\/pages\/2806?print=print\" class=\"pdfprnt-button pdfprnt-button-print\" target=\"_blank\"><img decoding=\"async\" src=\"https:\/\/www.ifa-tours.de\/lexikon\/wp-content\/plugins\/pdf-print\/images\/print.png\" alt=\"image_print\" title=\"Inhalt drucken\" \/><\/a><\/div>\n<p><strong>IFA megy a hegyen &#8211; ungarischer IFA Song<\/strong> <\/p>\n<p>Dalsz\u00f6veg<\/p>\n<p>H\u00fa\u00fa\u00fa-\u00fa\u00e1!3x<\/p>\n<p>IFA megy a hegyen, cs\u00fanya a sz\u00edne<br \/>Hi\u00e1nyzik az alja \u00e9s n\u00e9h\u00e1ny kereke<br \/>A hegyi \u00fat sz\u00e9les, az IFA meg sz\u00e9tes<br \/>Ikarus a kasznija, Taurus a gumija<br \/>Ha-ha, de megy ez az IFA!<\/p>\n<p>H\u00fa\u00fa\u00fa-\u00fa\u00e1!3x<br \/>IFA megy a hegyen, h\u00fazza egy Zil<br \/>A Zil az egy lopott teheraut\u00f3-mobil<br \/>Csemp\u00e9sz\u00e1rut sz\u00e1ll\u00edt, am\u00edg megnem \u00e1ll\u00edt\u2026<br \/>(J\u00f3est\u00e9t k\u00edv\u00e1nok!)\u2026ja egy rend\u0151r, n\u00e9ger a sof\u0151r<br \/>\u00c1h\u00e1, f\u00e1kete fuvar!<\/p>\n<p>H\u00fa\u00fa\u00fa-\u00fa\u00e1!3x<\/p>\n<p>IFA megy a hegyen, megy vele a hegy<br \/>Ugyanis a hegyhez nem megy mohamed<br \/>A hegyen legel\u00e9sznek a t\u00f6r\u00f6k tehen\u00e9szek<br \/>Feh\u00e9rek, feket\u00e9k \u00e9s tark\u00e1k<br \/>Mohamed szerint mind marh\u00e1k<br \/>Magasak a tarIF\u00c1k!<\/p>\n<p>H\u00fa\u00fa\u00fa-\u00fa\u00e1!3x<\/p>\n<p>IFA megy a hegyen, Ibaf\u00e1ra megy<br \/>F\u00e1b\u00f3l van az IFA, f\u00e1b\u00f3l vaskar IFA<br \/>Az ibafai papnak fa IF\u00c1ja van<br \/>Ez\u00e9rt az ibafai faIFA papi faIFA<br \/>H\u00e1h\u00e1! Ibafai IFA!<\/p>\n<p>H\u00fa\u00fa\u00fa-\u00fa\u00e1!3x<\/p>\n<p>H\u0171\u0171\u0171-Jeee!<\/p>\n<p><a href=\"https:\/\/www.ifa-tours.de\/lexikon\/ifa-lkw-w50-songs\/image\/\" rel=\"attachment wp-att-2807\"><img loading=\"lazy\" decoding=\"async\" class=\"alignleft size-full wp-image-2807\" src=\"https:\/\/www.ifa-tours.de\/lexikon\/wp-content\/uploads\/2025\/05\/image.png\" alt=\"\" width=\"923\" height=\"371\" srcset=\"https:\/\/www.ifa-tours.de\/lexikon\/wp-content\/uploads\/2025\/05\/image.png 923w, https:\/\/www.ifa-tours.de\/lexikon\/wp-content\/uploads\/2025\/05\/image-300x121.png 300w, https:\/\/www.ifa-tours.de\/lexikon\/wp-content\/uploads\/2025\/05\/image-768x309.png 768w, https:\/\/www.ifa-tours.de\/lexikon\/wp-content\/uploads\/2025\/05\/image-624x251.png 624w\" sizes=\"auto, (max-width: 923px) 100vw, 923px\" \/><\/a><\/p>\n<p><audio class=\"wp-audio-shortcode\" id=\"audio-2806-1\" preload=\"none\" style=\"width: 100%;\" controls=\"controls\"><source type=\"audio\/mpeg\" src=\"https:\/\/www.ifa-tours.de\/lexikon\/wp-content\/uploads\/2025\/05\/IFA-megy-a-hegyen-Pedrofon.mp3?_=1\" \/><a href=\"https:\/\/www.ifa-tours.de\/lexikon\/wp-content\/uploads\/2025\/05\/IFA-megy-a-hegyen-Pedrofon.mp3\">https:\/\/www.ifa-tours.de\/lexikon\/wp-content\/uploads\/2025\/05\/IFA-megy-a-hegyen-Pedrofon.mp3<\/a><\/audio><\/p>\n<p><strong>IFA-Trucker<\/strong> Text: Uwe Zimmer<\/p>\n<p>Als Brandenburger Trucker fahr ich gerne durch die Mark<br \/>Auch Off Road gibt es kein Problem, dank Allrad b\u00e4renstark!<br \/>Mein IFA Truck aus alten Zeiten hat\u00b4s mir angetan.<br \/>Am liebsten fahr ich in Horstwalde die Gel\u00e4ndebahn.<br \/>IFA-Trucker haben Benzin im Blut!<br \/>IFA-Trucker fahren besonders gut!<br \/>Von der Mosel bis zur Elbe, von der Oder bis zur Saar,<br \/>W50 und L60 \u2013 made in GDR!<\/p>\n<p>Mein IFA Truck aus Brandenburg, der l\u00e4sst mich nicht im Stich<br \/>Von Hightech ist er weit entfernt, das ist so, sicherlich.<br \/>Unkaputtbar ist mein Truck, einfach und robust.<br \/>Selbst wenn mal etwas quietscht und knarrt, hab ich keinen Frust.<\/p>\n<p>IFA-Trucker haben Benzin im Blut!<br \/>IFA-Trucker fahren besonders gut!<br \/>Von der Mosel bis zur Elbe, von der Oder bis zur Saar,<br \/>W50 und L60 \u2013 made in GDR!<\/p>\n<p>Mein IFA Truck hat keinen Stern und kein ABS<br \/>Trotzdem fahr ich ihn sehr gern und habe keinen Stress.<br \/>ESP und ASR &#8211; brauch ich alles nicht<br \/>Mir reicht Bremse, Kupplung, Gas und das Abblendlicht.<\/p>\n<p>IFA-Trucker haben Benzin im Blut!<br \/>IFA-Trucker fahren besonders gut!<br \/>Von der Mosel bis zur Elbe, von der Oder bis zur Saar,<br \/>W50 und L60 \u2013 made in GDR!<\/p>\n<p>Mein IFA ist so alt wie ich und damit schon betagt,<br \/>Will er mal nicht so wie ich will, ist Schrauben angesagt!<br \/>600.000 Mal gebaut, ein paar sind heut hier,<br \/>Die IFA Trucks aus Ludwigsfelde \u2013 und das feiern wir!<\/p>\n<p>IFA-Trucker haben Benzin im Blut!<br \/>IFA-Trucker fahren besonders gut!<br \/>Von der Mosel bis zur Elbe, von der Oder bis zur Saar,<br \/>W50 und L60 \u2013 made in GDR!<\/p>\n<p>IFA-Trucker haben Benzin im Blut!<br \/>IFA-Trucker fahren besonders gut!<\/p>\n<p>In Russland, Ungarn, Mozambique, Angola und Dakar<br \/>W50 und L60 \u2013 made in GDR!<\/p>\n<p>IFA-Trucker haben Benzin im Blut!<br \/>IFA-Trucker fahren besonders gut!<br \/>Von der Mosel bis zur Elbe, von der Oder bis zur Saar,<br \/>W50 und L60 \u2013 made in GDR!<\/p>\n<p><iframe loading=\"lazy\" src=\"\/\/www.youtube.com\/embed\/QTjcdaqe_68\" width=\"560\" height=\"314\" allowfullscreen=\"allowfullscreen\"><\/iframe><\/p>\n<p>&nbsp;<\/p>\n<p><iframe loading=\"lazy\" src=\"\/\/www.youtube.com\/embed\/znf8wWd_R4U?feature=shared\" width=\"560\" height=\"314\" allowfullscreen=\"allowfullscreen\"><\/iframe><\/p>\n<p><iframe loading=\"lazy\" src=\"\/\/www.youtube.com\/embed\/PKF8tLy8JSo?feature=shared\" width=\"560\" height=\"314\" allowfullscreen=\"allowfullscreen\"><\/iframe><\/p>\n<p>MP3 Dateien zum Download (mit rechter Maustaste anklicken zum downloaden)<\/p>\n<p><audio class=\"wp-audio-shortcode\" id=\"audio-2806-2\" preload=\"none\" style=\"width: 100%;\" controls=\"controls\"><source type=\"audio\/mpeg\" src=\"https:\/\/www.ifa-tours.de\/lexikon\/wp-content\/uploads\/2025\/05\/IFA-Tours.mp3?_=2\" \/><a href=\"https:\/\/www.ifa-tours.de\/lexikon\/wp-content\/uploads\/2025\/05\/IFA-Tours.mp3\">https:\/\/www.ifa-tours.de\/lexikon\/wp-content\/uploads\/2025\/05\/IFA-Tours.mp3<\/a><\/audio><\/p>\n<p>Der IFA-Tours Song<\/p>\n<p><audio class=\"wp-audio-shortcode\" id=\"audio-2806-3\" preload=\"none\" style=\"width: 100%;\" controls=\"controls\"><source type=\"audio\/mpeg\" src=\"https:\/\/www.ifa-tours.de\/lexikon\/wp-content\/uploads\/2025\/05\/Der-IFA-W50.mp3?_=3\" \/><a href=\"https:\/\/www.ifa-tours.de\/lexikon\/wp-content\/uploads\/2025\/05\/Der-IFA-W50.mp3\">https:\/\/www.ifa-tours.de\/lexikon\/wp-content\/uploads\/2025\/05\/Der-IFA-W50.mp3<\/a><\/audio><\/p>\n<p>Der alte Laster aus der DDR<\/p>\n<p><audio class=\"wp-audio-shortcode\" id=\"audio-2806-4\" preload=\"none\" style=\"width: 100%;\" controls=\"controls\"><source type=\"audio\/mpeg\" src=\"https:\/\/www.ifa-tours.de\/lexikon\/wp-content\/uploads\/2025\/05\/Der-IFA-W50-Song-von-IFA-Tours-.mp3?_=4\" \/><a href=\"https:\/\/www.ifa-tours.de\/lexikon\/wp-content\/uploads\/2025\/05\/Der-IFA-W50-Song-von-IFA-Tours-.mp3\">https:\/\/www.ifa-tours.de\/lexikon\/wp-content\/uploads\/2025\/05\/Der-IFA-W50-Song-von-IFA-Tours-.mp3<\/a><\/audio><\/p>\n<p>Der W50 Song<\/p>\n<p><audio class=\"wp-audio-shortcode\" id=\"audio-2806-5\" preload=\"none\" style=\"width: 100%;\" controls=\"controls\"><source type=\"audio\/mpeg\" src=\"https:\/\/www.ifa-tours.de\/lexikon\/wp-content\/uploads\/2025\/05\/Der-alte-W50.mp3?_=5\" \/><a href=\"https:\/\/www.ifa-tours.de\/lexikon\/wp-content\/uploads\/2025\/05\/Der-alte-W50.mp3\">https:\/\/www.ifa-tours.de\/lexikon\/wp-content\/uploads\/2025\/05\/Der-alte-W50.mp3<\/a><\/audio><\/p>\n<p>IFA LKW W50 &#8211; Unverw\u00fcstlich<\/p>\n","protected":false},"excerpt":{"rendered":"<p>IFA megy a hegyen &#8211; ungarischer IFA Song Dalsz\u00f6veg H\u00fa\u00fa\u00fa-\u00fa\u00e1!3x IFA megy a hegyen, cs\u00fanya a sz\u00edneHi\u00e1nyzik az alja \u00e9s n\u00e9h\u00e1ny kerekeA hegyi \u00fat sz\u00e9les, az IFA meg sz\u00e9tesIkarus a kasznija, Taurus a gumijaHa-ha, de megy ez az IFA! H\u00fa\u00fa\u00fa-\u00fa\u00e1!3xIFA megy a hegyen, h\u00fazza egy ZilA Zil az egy lopott teheraut\u00f3-mobilCsemp\u00e9sz\u00e1rut sz\u00e1ll\u00edt, am\u00edg megnem \u00e1ll\u00edt\u2026(J\u00f3est\u00e9t [&hellip;]<\/p>\n","protected":false},"author":1,"featured_media":0,"parent":0,"menu_order":0,"comment_status":"closed","ping_status":"closed","template":"","meta":{"_ml_titleColor":"#000000","_ml_titleFont":"Roboto","_ml_titleFontSize":1.1359999999999998987476601541857235133647918701171875,"_ml_titleFontWeight":"400","_ml_titleLineHeight":1.3000000000000000444089209850062616169452667236328125,"_ml_metaColor":"#708090","_ml_metaFont":"Montserrat","_ml_metaFontSize":0.67849999999999999200639422269887290894985198974609375,"_ml_metaFontWeight":"400","_ml_metaLineHeight":0.92000000000000003996802888650563545525074005126953125,"_ml_bodyColor":"#a9a9a9","_ml_bodyFont":"Open Sans","_ml_bodyFontSize":0.84999999999999997779553950749686919152736663818359375,"_ml_bodyFontWeight":"400","_ml_bodyLineHeight":1.1999999999999999555910790149937383830547332763671875,"_ml_wooPriceColor":"#666","_ml_wooPriceFont":"Open Sans","_ml_wooPriceFontSize":0.90000000000000002220446049250313080847263336181640625,"_ml_wooPriceFontWeight":"400","_ml_wooPriceLineHeight":1.270000000000000017763568394002504646778106689453125,"_ml_headingColor":"#000","_ml_headingFont":"Merriweather","_ml_headingFontSize":2.020000000000000017763568394002504646778106689453125,"_ml_headingFontWeight":"700","_ml_headingLineHeight":1.4699999999999999733546474089962430298328399658203125,"_mlglobal_userfontcolors":{"headingColorUser":[],"titleColorUser":[],"metaColorUser":[],"bodyColorUser":[],"wooPriceColorUser":[]},"footnotes":""},"class_list":["post-2806","page","type-page","status-publish","hentry"],"_links":{"self":[{"href":"https:\/\/www.ifa-tours.de\/lexikon\/wp-json\/wp\/v2\/pages\/2806","targetHints":{"allow":["GET"]}}],"collection":[{"href":"https:\/\/www.ifa-tours.de\/lexikon\/wp-json\/wp\/v2\/pages"}],"about":[{"href":"https:\/\/www.ifa-tours.de\/lexikon\/wp-json\/wp\/v2\/types\/page"}],"author":[{"embeddable":true,"href":"https:\/\/www.ifa-tours.de\/lexikon\/wp-json\/wp\/v2\/users\/1"}],"replies":[{"embeddable":true,"href":"https:\/\/www.ifa-tours.de\/lexikon\/wp-json\/wp\/v2\/comments?post=2806"}],"version-history":[{"count":20,"href":"https:\/\/www.ifa-tours.de\/lexikon\/wp-json\/wp\/v2\/pages\/2806\/revisions"}],"predecessor-version":[{"id":2835,"href":"https:\/\/www.ifa-tours.de\/lexikon\/wp-json\/wp\/v2\/pages\/2806\/revisions\/2835"}],"wp:attachment":[{"href":"https:\/\/www.ifa-tours.de\/lexikon\/wp-json\/wp\/v2\/media?parent=2806"}],"curies":[{"name":"wp","href":"https:\/\/api.w.org\/{rel}","templated":true}]}}

<div class="pdfprnt-buttons pdfprnt-buttons-page pdfprnt-top-right"><a href="https://www.ifa-tours.de/lexikon/wp-json/wp/v2/pages/2806?print=pdf" class="pdfprnt-button pdfprnt-button-pdf" target="_blank"><img decoding="async" src="https://www.ifa-tours.de/lexikon/wp-content/plugins/pdf-print/images/pdf.png" alt="image_pdf" title="PDF anzeigen" /></a><a href="https://www.ifa-tours.de/lexikon/wp-json/wp/v2/pages/2806?print=print" class="pdfprnt-button pdfprnt-button-print" target="_blank"><img decoding="async" src="https://www.ifa-tours.de/lexikon/wp-content/plugins/pdf-print/images/print.png" alt="image_print" title="Inhalt drucken" /></a></div>
<p><strong>IFA megy a hegyen &#8211; ungarischer IFA Song</strong> </p>
<p>Dalszöveg</p>
<p>Húúú-úá!3x</p>
<p>IFA megy a hegyen, csúnya a színe<br />Hiányzik az alja és néhány kereke<br />A hegyi út széles, az IFA meg szétes<br />Ikarus a kasznija, Taurus a gumija<br />Ha-ha, de megy ez az IFA!</p>
<p>Húúú-úá!3x<br />IFA megy a hegyen, húzza egy Zil<br />A Zil az egy lopott teherautó-mobil<br />Csempészárut szállít, amíg megnem állít…<br />(Jóestét kívánok!)…ja egy rendőr, néger a sofőr<br />Áhá, fákete fuvar!</p>
<p>Húúú-úá!3x</p>
<p>IFA megy a hegyen, megy vele a hegy<br />Ugyanis a hegyhez nem megy mohamed<br />A hegyen legelésznek a török tehenészek<br />Fehérek, feketék és tarkák<br />Mohamed szerint mind marhák<br />Magasak a tarIFÁk!</p>
<p>Húúú-úá!3x</p>
<p>IFA megy a hegyen, Ibafára megy<br />Fából van az IFA, fából vaskar IFA<br />Az ibafai papnak fa IFÁja van<br />Ezért az ibafai faIFA papi faIFA<br />Háhá! Ibafai IFA!</p>
<p>Húúú-úá!3x</p>
<p>Hűűű-Jeee!</p>
<p><a href="https://www.ifa-tours.de/lexikon/ifa-lkw-w50-songs/image/" rel="attachment wp-att-2807"><img loading="lazy" decoding="async" class="alignleft size-full wp-image-2807" src="https://www.ifa-tours.de/lexikon/wp-content/uploads/2025/05/image.png" alt="" width="923" height="371" srcset="https://www.ifa-tours.de/lexikon/wp-content/uploads/2025/05/image.png 923w, https://www.ifa-tours.de/lexikon/wp-content/uploads/2025/05/image-300x121.png 300w, https://www.ifa-tours.de/lexikon/wp-content/uploads/2025/05/image-768x309.png 768w, https://www.ifa-tours.de/lexikon/wp-content/uploads/2025/05/image-624x251.png 624w" sizes="auto, (max-width: 923px) 100vw, 923px" /></a></p>
<p><audio class="wp-audio-shortcode" id="audio-2806-1" preload="none" style="width: 100%;" controls="controls"><source type="audio/mpeg" src="https://www.ifa-tours.de/lexikon/wp-content/uploads/2025/05/IFA-megy-a-hegyen-Pedrofon.mp3?_=1" /><a href="https://www.ifa-tours.de/lexikon/wp-content/uploads/2025/05/IFA-megy-a-hegyen-Pedrofon.mp3">https://www.ifa-tours.de/lexikon/wp-content/uploads/2025/05/IFA-megy-a-hegyen-Pedrofon.mp3</a></audio></p>
<p><strong>IFA-Trucker</strong> Text: Uwe Zimmer</p>
<p>Als Brandenburger Trucker fahr ich gerne durch die Mark<br />Auch Off Road gibt es kein Problem, dank Allrad bärenstark!<br />Mein IFA Truck aus alten Zeiten hat´s mir angetan.<br />Am liebsten fahr ich in Horstwalde die Geländebahn.<br />IFA-Trucker haben Benzin im Blut!<br />IFA-Trucker fahren besonders gut!<br />Von der Mosel bis zur Elbe, von der Oder bis zur Saar,<br />W50 und L60 – made in GDR!</p>
<p>Mein IFA Truck aus Brandenburg, der lässt mich nicht im Stich<br />Von Hightech ist er weit entfernt, das ist so, sicherlich.<br />Unkaputtbar ist mein Truck, einfach und robust.<br />Selbst wenn mal etwas quietscht und knarrt, hab ich keinen Frust.</p>
<p>IFA-Trucker haben Benzin im Blut!<br />IFA-Trucker fahren besonders gut!<br />Von der Mosel bis zur Elbe, von der Oder bis zur Saar,<br />W50 und L60 – made in GDR!</p>
<p>Mein IFA Truck hat keinen Stern und kein ABS<br />Trotzdem fahr ich ihn sehr gern und habe keinen Stress.<br />ESP und ASR &#8211; brauch ich alles nicht<br />Mir reicht Bremse, Kupplung, Gas und das Abblendlicht.</p>
<p>IFA-Trucker haben Benzin im Blut!<br />IFA-Trucker fahren besonders gut!<br />Von der Mosel bis zur Elbe, von der Oder bis zur Saar,<br />W50 und L60 – made in GDR!</p>
<p>Mein IFA ist so alt wie ich und damit schon betagt,<br />Will er mal nicht so wie ich will, ist Schrauben angesagt!<br />600.000 Mal gebaut, ein paar sind heut hier,<br />Die IFA Trucks aus Ludwigsfelde – und das feiern wir!</p>
<p>IFA-Trucker haben Benzin im Blut!<br />IFA-Trucker fahren besonders gut!<br />Von der Mosel bis zur Elbe, von der Oder bis zur Saar,<br />W50 und L60 – made in GDR!</p>
<p>IFA-Trucker haben Benzin im Blut!<br />IFA-Trucker fahren besonders gut!</p>
<p>In Russland, Ungarn, Mozambique, Angola und Dakar<br />W50 und L60 – made in GDR!</p>
<p>IFA-Trucker haben Benzin im Blut!<br />IFA-Trucker fahren besonders gut!<br />Von der Mosel bis zur Elbe, von der Oder bis zur Saar,<br />W50 und L60 – made in GDR!</p>
<p><iframe loading="lazy" src="//www.youtube.com/embed/QTjcdaqe_68" width="560" height="314" allowfullscreen="allowfullscreen"></iframe></p>
<p>&nbsp;</p>
<p><iframe loading="lazy" src="//www.youtube.com/embed/znf8wWd_R4U?feature=shared" width="560" height="314" allowfullscreen="allowfullscreen"></iframe></p>
<p><iframe loading="lazy" src="//www.youtube.com/embed/PKF8tLy8JSo?feature=shared" width="560" height="314" allowfullscreen="allowfullscreen"></iframe></p>
<p>MP3 Dateien zum Download (mit rechter Maustaste anklicken zum downloaden)</p>
<p><audio class="wp-audio-shortcode" id="audio-2806-2" preload="none" style="width: 100%;" controls="controls"><source type="audio/mpeg" src="https://www.ifa-tours.de/lexikon/wp-content/uploads/2025/05/IFA-Tours.mp3?_=2" /><a href="https://www.ifa-tours.de/lexikon/wp-content/uploads/2025/05/IFA-Tours.mp3">https://www.ifa-tours.de/lexikon/wp-content/uploads/2025/05/IFA-Tours.mp3</a></audio></p>
<p>Der IFA-Tours Song</p>
<p><audio class="wp-audio-shortcode" id="audio-2806-3" preload="none" style="width: 100%;" controls="controls"><source type="audio/mpeg" src="https://www.ifa-tours.de/lexikon/wp-content/uploads/2025/05/Der-IFA-W50.mp3?_=3" /><a href="https://www.ifa-tours.de/lexikon/wp-content/uploads/2025/05/Der-IFA-W50.mp3">https://www.ifa-tours.de/lexikon/wp-content/uploads/2025/05/Der-IFA-W50.mp3</a></audio></p>
<p>Der alte Laster aus der DDR</p>
<p><audio class="wp-audio-shortcode" id="audio-2806-4" preload="none" style="width: 100%;" controls="controls"><source type="audio/mpeg" src="https://www.ifa-tours.de/lexikon/wp-content/uploads/2025/05/Der-IFA-W50-Song-von-IFA-Tours-.mp3?_=4" /><a href="https://www.ifa-tours.de/lexikon/wp-content/uploads/2025/05/Der-IFA-W50-Song-von-IFA-Tours-.mp3">https://www.ifa-tours.de/lexikon/wp-content/uploads/2025/05/Der-IFA-W50-Song-von-IFA-Tours-.mp3</a></audio></p>
<p>Der W50 Song</p>
<p><audio class="wp-audio-shortcode" id="audio-2806-5" preload="none" style="width: 100%;" controls="controls"><source type="audio/mpeg" src="https://www.ifa-tours.de/lexikon/wp-content/uploads/2025/05/Der-alte-W50.mp3?_=5" /><a href="https://www.ifa-tours.de/lexikon/wp-content/uploads/2025/05/Der-alte-W50.mp3">https://www.ifa-tours.de/lexikon/wp-content/uploads/2025/05/Der-alte-W50.mp3</a></audio></p>
<p>IFA LKW W50 &#8211; Unverwüstlich</p>

<p>IFA megy a hegyen &#8211; ungarischer IFA Song Dalszöveg Húúú-úá!3x IFA megy a hegyen, csúnya a színeHiányzik az alja és néhány kerekeA hegyi út széles, az IFA meg szétesIkarus a kasznija, Taurus a gumijaHa-ha, de megy ez az IFA! Húúú-úá!3xIFA megy a hegyen, húzza egy ZilA Zil az egy lopott teherautó-mobilCsempészárut szállít, amíg megnem állít…(Jóestét [&hellip;]</p>
